{"id":2,"date":"2015-08-18T09:22:49","date_gmt":"2015-08-18T07:22:49","guid":{"rendered":"http:\/\/www.waltraudkrainz.com\/?page_id=2"},"modified":"2024-11-11T09:20:30","modified_gmt":"2024-11-11T08:20:30","slug":"publikationen","status":"publish","type":"page","link":"https:\/\/www.waltraudkrainz.com\/?page_id=2","title":{"rendered":"Spielr\u00e4ume"},"content":{"rendered":"\n<p>Wir brauchen nicht nur R\u00e4ume zum Denken, sondern auch Spielr\u00e4ume, die uns eine gewisse Unabh\u00e4ngigkeit von den institutionalisierten R\u00e4umen wie dem Beruf oder der Familie er\u00f6ffnen. In diesen Spielr\u00e4umen kann sich unser Leben nach anderen Kriterien als den vorgegeben entfalten.<\/p>\n\n\n\n<p>Ich kletterte 1994 als erste K\u00e4rntnerin im 9. Schwierigkeitsgrad der UIAA-Skala, nahm in den 1990er Jahren an nationalen Klettermeisterschaften und an der europ\u00e4ischen Studentenklettermeisterschaft in Paris teil. In dieser Zeit gr\u00fcndete ich gemeinsam mit Freundinnen\u00a0<em>courage<\/em>, den ersten \u00f6sterreichischen Bergsportverein f\u00fcr Frauen und ging Schitouren in den Westalpen, den Ostalpen und Kanada.<\/p>\n\n\n\n<p><\/p>\n\n\n<div class=\"wp-block-image is-style-default\">\n<figure class=\"aligncenter size-medium\"><a href=\"http:\/\/www.waltraudkrainz.com\/wp-content\/uploads\/2024\/09\/Gegenlicht-in-Kanada.jpg\"><img decoding=\"async\" loading=\"lazy\" width=\"300\" height=\"201\" src=\"https:\/\/www.waltraudkrainz.com\/wp-content\/uploads\/2024\/09\/Gegenlicht-in-Kanada-300x201.jpg\" alt=\"\" class=\"wp-image-651\" srcset=\"https:\/\/www.waltraudkrainz.com\/wp-content\/uploads\/2024\/09\/Gegenlicht-in-Kanada-300x201.jpg 300w, https:\/\/www.waltraudkrainz.com\/wp-content\/uploads\/2024\/09\/Gegenlicht-in-Kanada-1024x686.jpg 1024w, https:\/\/www.waltraudkrainz.com\/wp-content\/uploads\/2024\/09\/Gegenlicht-in-Kanada-768x514.jpg 768w, https:\/\/www.waltraudkrainz.com\/wp-content\/uploads\/2024\/09\/Gegenlicht-in-Kanada-1536x1028.jpg 1536w, https:\/\/www.waltraudkrainz.com\/wp-content\/uploads\/2024\/09\/Gegenlicht-in-Kanada.jpg 1840w\" sizes=\"(max-width: 300px) 100vw, 300px\" \/><\/a><figcaption class=\"wp-element-caption\">Schitouren in den Rocky-Mountains, Kanada; Foto: Waltraud Krainz<\/figcaption><\/figure><\/div>\n\n\n<p><\/p>\n\n\n\n<p><\/p>\n\n\n\n<p>F\u00fcr mich er\u00f6ffneten das Wandern, das Klettern und das Schitourengehen den Spielraum zur Selbstgestaltung, lange bevor ich dies auch theoretisch fassen konnte. Das In-der-Natur-Sein und sich darin bewegen, sind f\u00fcr mich kein Surplus, welches das fade Alltagsleben aufpeppt oder ein \u201eHobby\u201c, welches man am Wochenende oder im Urlaub aus\u00fcbt. Es besitzt eine existentielle Dimension, es dient meiner Selbstherstellung und stellt meine Lebensform dar.&nbsp;<\/p>\n\n\n\n<p><\/p>\n\n\n\n<p>Daher habe ich mich mit diesen Spielr\u00e4umen zur Selbstherstellung auch immer wieder denkend und schreibend auseinander gesetzt.&nbsp;<\/p>\n\n\n\n<p><\/p>\n\n\n<div class=\"wp-block-image\">\n<figure class=\"aligncenter size-medium\"><a href=\"http:\/\/www.waltraudkrainz.com\/wp-content\/uploads\/2024\/09\/Verdon-2.jpeg\"><img decoding=\"async\" loading=\"lazy\" width=\"300\" height=\"195\" src=\"https:\/\/www.waltraudkrainz.com\/wp-content\/uploads\/2024\/09\/Verdon-2-300x195.jpeg\" alt=\"\" class=\"wp-image-650\" srcset=\"https:\/\/www.waltraudkrainz.com\/wp-content\/uploads\/2024\/09\/Verdon-2-300x195.jpeg 300w, https:\/\/www.waltraudkrainz.com\/wp-content\/uploads\/2024\/09\/Verdon-2-1024x666.jpeg 1024w, https:\/\/www.waltraudkrainz.com\/wp-content\/uploads\/2024\/09\/Verdon-2-768x499.jpeg 768w, https:\/\/www.waltraudkrainz.com\/wp-content\/uploads\/2024\/09\/Verdon-2-1536x999.jpeg 1536w, https:\/\/www.waltraudkrainz.com\/wp-content\/uploads\/2024\/09\/Verdon-2.jpeg 1656w\" sizes=\"(max-width: 300px) 100vw, 300px\" \/><\/a><figcaption class=\"wp-element-caption\">Waltraud Krainz beim Klettern in der Verdon-Schlucht, S\u00fcdfrankreich und in Nago, Arco\/Gardasee<\/figcaption><\/figure><\/div>\n\n<div class=\"wp-block-image\">\n<figure class=\"aligncenter size-full is-resized\"><a href=\"https:\/\/www.waltraudkrainz.com\/wp-content\/uploads\/2024\/09\/Nago-klein-1.jpeg\"><img decoding=\"async\" loading=\"lazy\" src=\"https:\/\/www.waltraudkrainz.com\/wp-content\/uploads\/2024\/09\/Nago-klein-1.jpeg\" alt=\"\" class=\"wp-image-679\" width=\"214\" height=\"350\" srcset=\"https:\/\/www.waltraudkrainz.com\/wp-content\/uploads\/2024\/09\/Nago-klein-1.jpeg 489w, https:\/\/www.waltraudkrainz.com\/wp-content\/uploads\/2024\/09\/Nago-klein-1-183x300.jpeg 183w\" sizes=\"(max-width: 214px) 100vw, 214px\" \/><\/a><\/figure><\/div>\n\n\n\n\n<p><a href=\"https:\/\/www.waltraudkrainz.com\/?page_id=82\" data-type=\"page\" data-id=\"82\"><strong>Riskante Bewegungspraxen <\/strong><\/a><\/p>\n\n\n\n<p><a href=\"https:\/\/www.waltraudkrainz.com\/?page_id=478\" data-type=\"page\" data-id=\"478\"><strong>Facetten der Moderne <\/strong><\/a><\/p>\n","protected":false},"excerpt":{"rendered":"<p>Wir brauchen nicht nur R\u00e4ume zum Denken, sondern auch Spielr\u00e4ume, die uns eine gewisse Unabh\u00e4ngigkeit von den institutionalisierten R\u00e4umen wie dem Beruf oder der Familie er\u00f6ffnen. In diesen Spielr\u00e4umen kann sich unser Leben nach anderen Kriterien als den vorgegeben entfalten. &hellip; <a href=\"https:\/\/www.waltraudkrainz.com\/?page_id=2\">Weiterlesen <span class=\"meta-nav\">&rarr;<\/span><\/a><\/p>\n","protected":false},"author":1,"featured_media":0,"parent":0,"menu_order":0,"comment_status":"open","ping_status":"open","template":"","meta":[],"_links":{"self":[{"href":"https:\/\/www.waltraudkrainz.com\/index.php?rest_route=\/wp\/v2\/pages\/2"}],"collection":[{"href":"https:\/\/www.waltraudkrainz.com\/index.php?rest_route=\/wp\/v2\/pages"}],"about":[{"href":"https:\/\/www.waltraudkrainz.com\/index.php?rest_route=\/wp\/v2\/types\/page"}],"author":[{"embeddable":true,"href":"https:\/\/www.waltraudkrainz.com\/index.php?rest_route=\/wp\/v2\/users\/1"}],"replies":[{"embeddable":true,"href":"https:\/\/www.waltraudkrainz.com\/index.php?rest_route=%2Fwp%2Fv2%2Fcomments&post=2"}],"version-history":[{"count":56,"href":"https:\/\/www.waltraudkrainz.com\/index.php?rest_route=\/wp\/v2\/pages\/2\/revisions"}],"predecessor-version":[{"id":717,"href":"https:\/\/www.waltraudkrainz.com\/index.php?rest_route=\/wp\/v2\/pages\/2\/revisions\/717"}],"wp:attachment":[{"href":"https:\/\/www.waltraudkrainz.com\/index.php?rest_route=%2Fwp%2Fv2%2Fmedia&parent=2"}],"curies":[{"name":"wp","href":"https:\/\/api.w.org\/{rel}","templated":true}]}}