{"id":627,"date":"2024-09-14T17:01:48","date_gmt":"2024-09-14T15:01:48","guid":{"rendered":"https:\/\/www.waltraudkrainz.com\/?page_id=627"},"modified":"2024-09-14T17:40:46","modified_gmt":"2024-09-14T15:40:46","slug":"buch","status":"publish","type":"page","link":"https:\/\/www.waltraudkrainz.com\/?page_id=627","title":{"rendered":"Buch"},"content":{"rendered":"<div class=\"wp-block-image\">\n<figure class=\"alignleft size-full is-resized\"><a href=\"http:\/\/www.waltraudkrainz.com\/wp-content\/uploads\/2024\/09\/WKRAINZ_cover3.pdf\"><img decoding=\"async\" loading=\"lazy\" src=\"http:\/\/www.waltraudkrainz.com\/wp-content\/uploads\/2024\/09\/WKRAINZ_cover3.pdf\" alt=\"\" class=\"wp-image-632\" width=\"206\" height=\"345\"\/><\/a><\/figure><\/div>\n\n\n<p><br>Der Fokus gegenw\u00e4rtiger Management-Diskurse liegt auf der &#8222;Kommunikation&#8220;. Dadurch werden wir dazu verf\u00fchrt, das Thema Macht auszublenden. Doch blicken wir hinter die Fassade der sch\u00f6nen neuen machtfreien Welt der kommunikativen Organisationen, so zeigt sich, dass dort Machtk\u00e4mpfe, Machiavellismus\u00a0und\u00a0Machtmissbrauch allgegenw\u00e4rtig sind.\u00a0<\/p>\n\n\n\n<p>Ziel dieses Essays ist es, die Leserinnen und Leser f\u00fcr Machtverh\u00e4ltnisse in Organisationen zu sensibilisieren und sowohl auf theoretischer als auch auf praktischer Ebene das Verst\u00e4ndnis f\u00fcr diese zu vertiefen. Grundlage daf\u00fcr bilden ein strategischer Machtbegriff und die Machtanalytik Michel Foucaults, die auch vierzig Jahre nach seinem Tod nichts an Aktualit\u00e4t verloren hat.&nbsp;<\/p>\n\n\n\n<p>Teil I. rekonstruiert den Weg zur MachtVergessenheit in Organisationen und unterzieht die Heilslehren g\u00e4ngiger Management-Diskurse sowie die damit verbundenen F\u00fchrungspraktiken einer kritischen Analyse.&nbsp;<\/p>\n\n\n\n<p>Teil II. regt durch Denkimpulse die Leserin und den Leser zur Wahrnehmung und Reflexion bestehender Machtverh\u00e4ltnisse in Organisationen an: Hier wird ein transdisziplin\u00e4rer Bogen von der narzisstischen Lust an der Macht, neofeudalen Dynamiken von Aufstieg und Fall, Praktiken panoptischer \u00dcberwachung bis hin zu Formen sexualisierter Gewalt gespannt.&nbsp;<\/p>\n\n\n\n<p>Teil III. h\u00e4lt der&nbsp;<em>r\u00fccksichts<\/em>losen Handlungsorientierung in Organisationen die Kunst der Reflexion als R\u00fcckschau entgegen und beschreibt das Denken als Prozess und \u00dcbungs-Praxis. Er beinhaltet ein Pl\u00e4doyer f\u00fcr ein eigenst\u00e4ndiges Denken und Sprechen&nbsp;<em>jenseits des Diskurses.&nbsp;<\/em><\/p>\n\n\n\n<p><\/p>\n\n\n\n<p><strong>Sie k\u00f6nnen den Essay hier bestellen:<\/strong><\/p>\n\n\n\n<p><a href=\"https:\/\/www.turia.at\/titel\/wkrainz.php\">https:\/\/www.turia.at\/titel\/wkrainz.php<\/a><\/p>\n\n\n\n<p>Verlag TURIA + KANT<br>Wien &#8211; Berlin, 2024<br>218 Seiten, \u20ac 26,00.-&nbsp;<\/p>\n","protected":false},"excerpt":{"rendered":"<p>Der Fokus gegenw\u00e4rtiger Management-Diskurse liegt auf der &#8222;Kommunikation&#8220;. Dadurch werden wir dazu verf\u00fchrt, das Thema Macht auszublenden. Doch blicken wir hinter die Fassade der sch\u00f6nen neuen machtfreien Welt der kommunikativen Organisationen, so zeigt sich, dass dort Machtk\u00e4mpfe, Machiavellismus\u00a0und\u00a0Machtmissbrauch allgegenw\u00e4rtig sind.\u00a0 &hellip; <a href=\"https:\/\/www.waltraudkrainz.com\/?page_id=627\">Weiterlesen <span class=\"meta-nav\">&rarr;<\/span><\/a><\/p>\n","protected":false},"author":1,"featured_media":0,"parent":0,"menu_order":1,"comment_status":"closed","ping_status":"closed","template":"","meta":[],"_links":{"self":[{"href":"https:\/\/www.waltraudkrainz.com\/index.php?rest_route=\/wp\/v2\/pages\/627"}],"collection":[{"href":"https:\/\/www.waltraudkrainz.com\/index.php?rest_route=\/wp\/v2\/pages"}],"about":[{"href":"https:\/\/www.waltraudkrainz.com\/index.php?rest_route=\/wp\/v2\/types\/page"}],"author":[{"embeddable":true,"href":"https:\/\/www.waltraudkrainz.com\/index.php?rest_route=\/wp\/v2\/users\/1"}],"replies":[{"embeddable":true,"href":"https:\/\/www.waltraudkrainz.com\/index.php?rest_route=%2Fwp%2Fv2%2Fcomments&post=627"}],"version-history":[{"count":7,"href":"https:\/\/www.waltraudkrainz.com\/index.php?rest_route=\/wp\/v2\/pages\/627\/revisions"}],"predecessor-version":[{"id":646,"href":"https:\/\/www.waltraudkrainz.com\/index.php?rest_route=\/wp\/v2\/pages\/627\/revisions\/646"}],"wp:attachment":[{"href":"https:\/\/www.waltraudkrainz.com\/index.php?rest_route=%2Fwp%2Fv2%2Fmedia&parent=627"}],"curies":[{"name":"wp","href":"https:\/\/api.w.org\/{rel}","templated":true}]}}